{"id":220,"date":"2025-04-05T20:13:43","date_gmt":"2025-04-05T18:13:43","guid":{"rendered":"https:\/\/radcakleszcz.pl\/?page_id=220"},"modified":"2025-04-08T18:46:26","modified_gmt":"2025-04-08T16:46:26","slug":"uslugi-rodzinne","status":"publish","type":"page","link":"https:\/\/radcakleszcz.pl\/index.php\/uslugi-rodzinne\/","title":{"rendered":"Us\u0142ugi &#8211; prawo rodzinne"},"content":{"rendered":"\n<div id=\"wp-block-themeisle-blocks-advanced-columns-888e3463\" class=\"wp-block-themeisle-blocks-advanced-columns has-2-columns has-desktop-equal-layout has-tablet-equal-layout has-mobile-collapsedRows-layout has-vertical-unset\"><div class=\"wp-block-themeisle-blocks-advanced-columns-overlay\"><\/div><div class=\"innerblocks-wrap\">\n<div id=\"wp-block-themeisle-blocks-advanced-column-2bb39589\" class=\"wp-block-themeisle-blocks-advanced-column\">\n<h4 class=\"wp-block-heading\">Prawo rodzinne.<\/h4>\n\n\n\n<p class=\"has-text-align-left\">Kancelaria \u015bwiadczy kompleksow\u0105 pomoc prawn\u0105 w sprawach rodzinnych. Reprezentujemy Klient\u00f3w m. in. w post\u0119powaniach dotycz\u0105cych rozwodu, separacji, aliment\u00f3w oraz podzia\u0142u maj\u0105tku wsp\u00f3lnego. Pomagamy w sprawach dotycz\u0105cych w\u0142adzy rodzicielskiej i ustalania kontakt\u00f3w z dzie\u0107mi.<\/p>\n<\/div>\n\n\n\n<div id=\"wp-block-themeisle-blocks-advanced-column-5a0e4d69\" class=\"wp-block-themeisle-blocks-advanced-column\">\n<figure class=\"wp-block-image aligncenter size-full is-resized has-custom-border is-style-rounded wp-duotone-unset-1\"><img loading=\"lazy\" decoding=\"async\" width=\"1536\" height=\"1024\" src=\"https:\/\/radcakleszcz.pl\/wp-content\/uploads\/2025\/04\/uslugi_rodzinne.png\" alt=\"\" class=\"wp-image-334\" style=\"border-radius:20px;width:465px;height:auto\" srcset=\"https:\/\/radcakleszcz.pl\/wp-content\/uploads\/2025\/04\/uslugi_rodzinne.png 1536w, https:\/\/radcakleszcz.pl\/wp-content\/uploads\/2025\/04\/uslugi_rodzinne-300x200.png 300w, https:\/\/radcakleszcz.pl\/wp-content\/uploads\/2025\/04\/uslugi_rodzinne-1024x683.png 1024w, https:\/\/radcakleszcz.pl\/wp-content\/uploads\/2025\/04\/uslugi_rodzinne-768x512.png 768w\" sizes=\"auto, (max-width: 1536px) 100vw, 1536px\" \/><\/figure>\n<\/div>\n<\/div><\/div>\n\n\n\n<p>Artyku\u0142y: <a href=\"https:\/\/radcakleszcz.pl\/index.php\/category\/prawo-rodzinne\/\" data-type=\"category\" data-id=\"103\">Prawo rodzinne<\/a><\/p>\n\n\n\n<p><\/p>\n","protected":false},"excerpt":{"rendered":"<p>Artyku\u0142y: Prawo rodzinne<\/p>\n","protected":false},"author":1,"featured_media":0,"parent":0,"menu_order":0,"comment_status":"closed","ping_status":"closed","template":"","meta":{"site-sidebar-layout":"default","site-content-layout":"","ast-site-content-layout":"","site-content-style":"default","site-sidebar-style":"default","ast-global-header-display":"","ast-banner-title-visibility":"","ast-main-header-display":"","ast-hfb-above-header-display":"","ast-hfb-below-header-display":"","ast-hfb-mobile-header-display":"","site-post-title":"","ast-breadcrumbs-content":"","ast-featured-img":"","footer-sml-layout":"","theme-transparent-header-meta":"","adv-header-id-meta":"","stick-header-meta":"","header-above-stick-meta":"","header-main-stick-meta":"","header-below-stick-meta":"","astra-migrate-meta-layouts":"default","ast-page-background-enabled":"default","ast-page-background-meta":{"desktop":{"background-color":"var(--ast-global-color-5)","background-image":"","background-repeat":"repeat","background-position":"center center","background-size":"auto","background-attachment":"scroll","background-type":"","background-media":"","overlay-type":"","overlay-color":"","overlay-opacity":"","overlay-gradient":""},"tablet":{"background-color":"","background-image":"","background-repeat":"repeat","background-position":"center center","background-size":"auto","background-attachment":"scroll","background-type":"","background-media":"","overlay-type":"","overlay-color":"","overlay-opacity":"","overlay-gradient":""},"mobile":{"background-color":"","background-image":"","background-repeat":"repeat","background-position":"center center","background-size":"auto","background-attachment":"scroll","background-type":"","background-media":"","overlay-type":"","overlay-color":"","overlay-opacity":"","overlay-gradient":""}},"ast-content-background-meta":{"desktop":{"background-color":"var(--ast-global-color-4)","background-image":"","background-repeat":"repeat","background-position":"center center","background-size":"auto","background-attachment":"scroll","background-type":"","background-media":"","overlay-type":"","overlay-color":"","overlay-opacity":"","overlay-gradient":""},"tablet":{"background-color":"var(--ast-global-color-4)","background-image":"","background-repeat":"repeat","background-position":"center center","background-size":"auto","background-attachment":"scroll","background-type":"","background-media":"","overlay-type":"","overlay-color":"","overlay-opacity":"","overlay-gradient":""},"mobile":{"background-color":"var(--ast-global-color-4)","background-image":"","background-repeat":"repeat","background-position":"center center","background-size":"auto","background-attachment":"scroll","background-type":"","background-media":"","overlay-type":"","overlay-color":"","overlay-opacity":"","overlay-gradient":""}},"_themeisle_gutenberg_block_has_review":false,"footnotes":""},"class_list":["post-220","page","type-page","status-publish","hentry"],"_links":{"self":[{"href":"https:\/\/radcakleszcz.pl\/index.php\/wp-json\/wp\/v2\/pages\/220","targetHints":{"allow":["GET"]}}],"collection":[{"href":"https:\/\/radcakleszcz.pl\/index.php\/wp-json\/wp\/v2\/pages"}],"about":[{"href":"https:\/\/radcakleszcz.pl\/index.php\/wp-json\/wp\/v2\/types\/page"}],"author":[{"embeddable":true,"href":"https:\/\/radcakleszcz.pl\/index.php\/wp-json\/wp\/v2\/users\/1"}],"replies":[{"embeddable":true,"href":"https:\/\/radcakleszcz.pl\/index.php\/wp-json\/wp\/v2\/comments?post=220"}],"version-history":[{"count":8,"href":"https:\/\/radcakleszcz.pl\/index.php\/wp-json\/wp\/v2\/pages\/220\/revisions"}],"predecessor-version":[{"id":335,"href":"https:\/\/radcakleszcz.pl\/index.php\/wp-json\/wp\/v2\/pages\/220\/revisions\/335"}],"wp:attachment":[{"href":"https:\/\/radcakleszcz.pl\/index.php\/wp-json\/wp\/v2\/media?parent=220"}],"curies":[{"name":"wp","href":"https:\/\/api.w.org\/{rel}","templated":true}]}}