{"id":40,"date":"2025-04-04T21:31:01","date_gmt":"2025-04-04T19:31:01","guid":{"rendered":"https:\/\/radcakleszcz.pl\/?page_id=40"},"modified":"2025-11-30T21:58:05","modified_gmt":"2025-11-30T20:58:05","slug":"omnie","status":"publish","type":"page","link":"https:\/\/radcakleszcz.pl\/index.php\/omnie\/","title":{"rendered":"O mnie"},"content":{"rendered":"\n<div id=\"wp-block-themeisle-blocks-advanced-columns-c9868ded\" class=\"wp-block-themeisle-blocks-advanced-columns has-2-columns has-desktop-oneTwo-layout has-tablet-equal-layout has-mobile-collapsedRows-layout has-vertical-unset\"><div class=\"wp-block-themeisle-blocks-advanced-columns-overlay\"><\/div><div class=\"innerblocks-wrap\">\n<div id=\"wp-block-themeisle-blocks-advanced-column-ba08a999\" class=\"wp-block-themeisle-blocks-advanced-column\">\n<h4 class=\"wp-block-heading\">O mnie<\/h4>\n\n\n\n<p style=\"text-align: justify;\">Uko\u0144czy\u0142em pi\u0119cioletnie studia magisterskie na kierunku prawo na Uniwersytecie \u015al\u0105skim w Katowicach. W latach 2007 \u2013 2014 pracowa\u0142em w Biurze Rzecznika Praw Obywatelskich, zajmuj\u0105c si\u0119 sprawami karnymi oraz karnymi wykonawczymi, a tak\u017ce uczestniczy\u0142em w wizytacjach Krajowego Mechanizmu Prewencji Tortur. Po uko\u0144czeniu 3 letniej aplikacji radcowskiej podj\u0105\u0142em wsp\u00f3\u0142prac\u0119 z jedn\u0105 z najwi\u0119kszych kancelarii w Polsce, co skutkowa\u0142o zdobyciem przeze mnie cennego do\u015bwiadczenia w obs\u0142udze prawnej Klient\u00f3w. Jako radca prawny (wpisany na list\u0119 radc\u00f3w prawnych nr KT 3867) legitymuj\u0119 si\u0119 wieloletnim do\u015bwiadczeniem oraz wysokim poziomem skuteczno\u015bci w prowadzonych sprawach z r\u00f3\u017cnych dziedzin prawa. \u200b<\/p>\n<\/div>\n\n\n\n<div id=\"wp-block-themeisle-blocks-advanced-column-f1306acb\" class=\"wp-block-themeisle-blocks-advanced-column\">\n<figure class=\"wp-block-image alignright size-full is-resized has-custom-border is-style-default wp-duotone-unset-1\" style=\"margin-top:0;margin-bottom:0\"><img loading=\"lazy\" decoding=\"async\" width=\"1554\" height=\"2560\" src=\"https:\/\/radcakleszcz.pl\/wp-content\/uploads\/2025\/04\/inline-scaled.jpg\" alt=\"\" class=\"wp-image-42\" style=\"border-style:none;border-width:0px;border-radius:0px;width:457px;height:auto\" srcset=\"https:\/\/radcakleszcz.pl\/wp-content\/uploads\/2025\/04\/inline-scaled.jpg 1554w, https:\/\/radcakleszcz.pl\/wp-content\/uploads\/2025\/04\/inline-182x300.jpg 182w, https:\/\/radcakleszcz.pl\/wp-content\/uploads\/2025\/04\/inline-622x1024.jpg 622w, https:\/\/radcakleszcz.pl\/wp-content\/uploads\/2025\/04\/inline-768x1265.jpg 768w, https:\/\/radcakleszcz.pl\/wp-content\/uploads\/2025\/04\/inline-933x1536.jpg 933w, https:\/\/radcakleszcz.pl\/wp-content\/uploads\/2025\/04\/inline-1244x2048.jpg 1244w, https:\/\/radcakleszcz.pl\/wp-content\/uploads\/2025\/04\/inline-1000x1647.jpg 1000w, https:\/\/radcakleszcz.pl\/wp-content\/uploads\/2025\/04\/inline-230x379.jpg 230w, https:\/\/radcakleszcz.pl\/wp-content\/uploads\/2025\/04\/inline-350x576.jpg 350w, https:\/\/radcakleszcz.pl\/wp-content\/uploads\/2025\/04\/inline-480x791.jpg 480w\" sizes=\"auto, (max-width: 1554px) 100vw, 1554px\" \/><\/figure>\n<\/div>\n<\/div><\/div>\n\n\n\n<p><\/p>\n","protected":false},"excerpt":{"rendered":"","protected":false},"author":1,"featured_media":0,"parent":0,"menu_order":0,"comment_status":"closed","ping_status":"closed","template":"","meta":{"site-sidebar-layout":"default","site-content-layout":"","ast-site-content-layout":"","site-content-style":"default","site-sidebar-style":"default","ast-global-header-display":"","ast-banner-title-visibility":"","ast-main-header-display":"","ast-hfb-above-header-display":"","ast-hfb-below-header-display":"","ast-hfb-mobile-header-display":"","site-post-title":"","ast-breadcrumbs-content":"","ast-featured-img":"","footer-sml-layout":"","theme-transparent-header-meta":"","adv-header-id-meta":"","stick-header-meta":"","header-above-stick-meta":"","header-main-stick-meta":"","header-below-stick-meta":"","astra-migrate-meta-layouts":"default","ast-page-background-enabled":"default","ast-page-background-meta":{"desktop":{"background-color":"var(--ast-global-color-5)","background-image":"","background-repeat":"repeat","background-position":"center center","background-size":"auto","background-attachment":"scroll","background-type":"","background-media":"","overlay-type":"","overlay-color":"","overlay-opacity":"","overlay-gradient":""},"tablet":{"background-color":"","background-image":"","background-repeat":"repeat","background-position":"center center","background-size":"auto","background-attachment":"scroll","background-type":"","background-media":"","overlay-type":"","overlay-color":"","overlay-opacity":"","overlay-gradient":""},"mobile":{"background-color":"","background-image":"","background-repeat":"repeat","background-position":"center center","background-size":"auto","background-attachment":"scroll","background-type":"","background-media":"","overlay-type":"","overlay-color":"","overlay-opacity":"","overlay-gradient":""}},"ast-content-background-meta":{"desktop":{"background-color":"var(--ast-global-color-4)","background-image":"","background-repeat":"repeat","background-position":"center center","background-size":"auto","background-attachment":"scroll","background-type":"","background-media":"","overlay-type":"","overlay-color":"","overlay-opacity":"","overlay-gradient":""},"tablet":{"background-color":"var(--ast-global-color-4)","background-image":"","background-repeat":"repeat","background-position":"center center","background-size":"auto","background-attachment":"scroll","background-type":"","background-media":"","overlay-type":"","overlay-color":"","overlay-opacity":"","overlay-gradient":""},"mobile":{"background-color":"var(--ast-global-color-4)","background-image":"","background-repeat":"repeat","background-position":"center center","background-size":"auto","background-attachment":"scroll","background-type":"","background-media":"","overlay-type":"","overlay-color":"","overlay-opacity":"","overlay-gradient":""}},"_themeisle_gutenberg_block_has_review":false,"footnotes":""},"class_list":["post-40","page","type-page","status-publish","hentry"],"_links":{"self":[{"href":"https:\/\/radcakleszcz.pl\/index.php\/wp-json\/wp\/v2\/pages\/40","targetHints":{"allow":["GET"]}}],"collection":[{"href":"https:\/\/radcakleszcz.pl\/index.php\/wp-json\/wp\/v2\/pages"}],"about":[{"href":"https:\/\/radcakleszcz.pl\/index.php\/wp-json\/wp\/v2\/types\/page"}],"author":[{"embeddable":true,"href":"https:\/\/radcakleszcz.pl\/index.php\/wp-json\/wp\/v2\/users\/1"}],"replies":[{"embeddable":true,"href":"https:\/\/radcakleszcz.pl\/index.php\/wp-json\/wp\/v2\/comments?post=40"}],"version-history":[{"count":13,"href":"https:\/\/radcakleszcz.pl\/index.php\/wp-json\/wp\/v2\/pages\/40\/revisions"}],"predecessor-version":[{"id":568,"href":"https:\/\/radcakleszcz.pl\/index.php\/wp-json\/wp\/v2\/pages\/40\/revisions\/568"}],"wp:attachment":[{"href":"https:\/\/radcakleszcz.pl\/index.php\/wp-json\/wp\/v2\/media?parent=40"}],"curies":[{"name":"wp","href":"https:\/\/api.w.org\/{rel}","templated":true}]}}